{"id":406,"date":"2024-09-06T17:19:41","date_gmt":"2024-09-06T15:19:41","guid":{"rendered":"https:\/\/lemonswing.freebyte.fr\/?page_id=406"},"modified":"2024-09-09T19:31:06","modified_gmt":"2024-09-09T17:31:06","slug":"partenaires","status":"publish","type":"page","link":"https:\/\/lemonswing.freebyte.fr\/?page_id=406","title":{"rendered":"Partenaires"},"content":{"rendered":"\n<p>Lemon Swing s&rsquo;entoure de personnes, d&rsquo;\u00e9quipes et de lieux sp\u00e9cifiques \u00e0 Poitiers, indispensables pour mener \u00e0 bien l&rsquo;activit\u00e9 swing, entre cours, \u00e9v\u00e9nements et ressources photos.<\/p>\n\n\n\n<h2 class=\"wp-block-heading\">Les cours<\/h2>\n\n\n\n<div class=\"wp-block-media-text is-stacked-on-mobile is-image-fill\" style=\"grid-template-columns:48% auto\"><figure class=\"wp-block-media-text__media\" style=\"background-image:url(https:\/\/lemonswing.freebyte.fr\/wp-content\/uploads\/2024\/09\/Centre-Socio-Culturel-Sarrebourg.jpg);background-position:50% 50%\"><img loading=\"lazy\" decoding=\"async\" width=\"1000\" height=\"667\" src=\"https:\/\/lemonswing.freebyte.fr\/wp-content\/uploads\/2024\/09\/Centre-Socio-Culturel-Sarrebourg.jpg\" alt=\"Photo montrant un b\u00e2timent appel\u00e9 la Blaiserie.\" class=\"wp-image-415 size-full\" srcset=\"https:\/\/lemonswing.freebyte.fr\/wp-content\/uploads\/2024\/09\/Centre-Socio-Culturel-Sarrebourg.jpg 1000w, https:\/\/lemonswing.freebyte.fr\/wp-content\/uploads\/2024\/09\/Centre-Socio-Culturel-Sarrebourg-300x200.jpg 300w, https:\/\/lemonswing.freebyte.fr\/wp-content\/uploads\/2024\/09\/Centre-Socio-Culturel-Sarrebourg-768x512.jpg 768w\" sizes=\"auto, (max-width: 1000px) 100vw, 1000px\" \/><\/figure><div class=\"wp-block-media-text__content\">\n<h3 class=\"wp-block-heading\">La Blaiserie<\/h3>\n\n\n\n<p class=\"has-small-font-size\">Le centre socioculturel de la Blaiserie est situ\u00e9 \u00e0 Poitiers-Nord et fait office de maison de quartier, regroupant de nombreuses activit\u00e9s ouvertes aux associations du quartier et \u00e0 quiconque souhaite pratiquer une activit\u00e9 artistique ou de loisirs.<\/p>\n\n\n\n<p class=\"has-small-font-size\"><strong><em>La Blaiserie nous accueille le lundi pour les cours de Lindy Hop 2 et 3.<\/em><\/strong><\/p>\n\n\n\n<p><a href=\"https:\/\/www.facebook.com\/lablaiserie\" data-type=\"link\" data-id=\"https:\/\/www.facebook.com\/lablaiserie\">Page Facebook<\/a><\/p>\n<\/div><\/div>\n\n\n\n<div class=\"wp-block-media-text is-stacked-on-mobile\" style=\"grid-template-columns:48% auto\"><figure  class=\"wp-block-media-text__media\"><img loading=\"lazy\" decoding=\"async\" width=\"1280\" height=\"804\" alt=\"Image de pieds illustrant la page Partenaires.\" src=\"https:\/\/lemonswing.freebyte.fr\/wp-content\/uploads\/2024\/09\/lflo-lemon-swing-transmetteurs-82.jpg\" class=\"wp-image-411 size-full\" srcset=\"https:\/\/lemonswing.freebyte.fr\/wp-content\/uploads\/2024\/09\/lflo-lemon-swing-transmetteurs-82.jpg 1280w, https:\/\/lemonswing.freebyte.fr\/wp-content\/uploads\/2024\/09\/lflo-lemon-swing-transmetteurs-82-300x188.jpg 300w, https:\/\/lemonswing.freebyte.fr\/wp-content\/uploads\/2024\/09\/lflo-lemon-swing-transmetteurs-82-1024x643.jpg 1024w, https:\/\/lemonswing.freebyte.fr\/wp-content\/uploads\/2024\/09\/lflo-lemon-swing-transmetteurs-82-768x482.jpg 768w, https:\/\/lemonswing.freebyte.fr\/wp-content\/uploads\/2024\/09\/lflo-lemon-swing-transmetteurs-82-1200x754.jpg 1200w\" sizes=\"auto, (max-width: 1280px) 100vw, 1280px\" \/><\/figure><div class=\"wp-block-media-text__content\">\n<h3 class=\"wp-block-heading\">Le Clos des Rocs (photo \u00e0 venir)<\/h3>\n\n\n\n<p class=\"has-small-font-size\">La salle du Clos des Rocs, 76 boulevard des Rocs, est situ\u00e9e \u00e0 seulement quelques minutes du centre-ville et de la gare TGV.<\/p>\n\n\n\n<p class=\"has-small-font-size\"><strong><em>Le Clos des Rocs nous accueille pour les cours de Lindy Hop 1 et de Solo Jazz le mercredi.<\/em><\/strong><\/p>\n\n\n\n<p><a href=\"https:\/\/www.facebook.com\/lablaiserie\" data-type=\"link\" data-id=\"https:\/\/www.facebook.com\/lablaiserie\">Page Facebook<\/a><\/p>\n<\/div><\/div>\n\n\n\n<h2 class=\"wp-block-heading\">Les \u00e9v\u00e9nements<\/h2>\n\n\n\n<div class=\"wp-block-media-text is-stacked-on-mobile is-image-fill\" style=\"grid-template-columns:48% auto\"><figure class=\"wp-block-media-text__media\" style=\"background-image:url(https:\/\/lemonswing.freebyte.fr\/wp-content\/uploads\/2024\/09\/1200x680_image-bis.jpg);background-position:80% 52%\"><img loading=\"lazy\" decoding=\"async\" width=\"1200\" height=\"680\" src=\"https:\/\/lemonswing.freebyte.fr\/wp-content\/uploads\/2024\/09\/1200x680_image-bis.jpg\" alt=\"Image montrant le lieu appel\u00e9 la Locomotive, \u00e0 Poitiers.\" class=\"wp-image-414 size-full\" srcset=\"https:\/\/lemonswing.freebyte.fr\/wp-content\/uploads\/2024\/09\/1200x680_image-bis.jpg 1200w, https:\/\/lemonswing.freebyte.fr\/wp-content\/uploads\/2024\/09\/1200x680_image-bis-300x170.jpg 300w, https:\/\/lemonswing.freebyte.fr\/wp-content\/uploads\/2024\/09\/1200x680_image-bis-1024x580.jpg 1024w, https:\/\/lemonswing.freebyte.fr\/wp-content\/uploads\/2024\/09\/1200x680_image-bis-768x435.jpg 768w\" sizes=\"auto, (max-width: 1200px) 100vw, 1200px\" \/><\/figure><div class=\"wp-block-media-text__content\">\n<h3 class=\"wp-block-heading\">La Locomotive<\/h3>\n\n\n\n<p class=\"has-small-font-size\">La Locomotive, c\u2019est une soci\u00e9t\u00e9 coop\u00e9rative qui entra\u00eene un&nbsp;<strong>wagon-bar<\/strong>, une&nbsp;<strong>voiture-restaurant<\/strong>&nbsp;et d\u2019autres wagons d\u00e9di\u00e9s \u00e0 la pratique de la&nbsp;<strong>danse<\/strong>, de la&nbsp;<strong>musique<\/strong>&nbsp;et de l\u2019<strong>artisanat<\/strong>. Le&nbsp;<strong>restaurant<\/strong>&nbsp;vous propose une cuisine g\u00e9n\u00e9reuse et vari\u00e9e, avec des formules pour toutes les faims.<\/p>\n\n\n\n<p class=\"has-small-font-size\"><strong><em>La Locomotive, c&rsquo;est le lieu des Swing Tonic des troisi\u00e8mes jeudi de chaque mois.<\/em><\/strong><\/p>\n\n\n\n<p><a href=\"https:\/\/www.facebook.com\/laloco86\/?locale=fr_FR\" data-type=\"link\" data-id=\"https:\/\/www.facebook.com\/laloco86\/?locale=fr_FR\">Page Facebook<\/a><\/p>\n<\/div><\/div>\n\n\n\n<div class=\"wp-block-media-text is-stacked-on-mobile is-image-fill\" style=\"grid-template-columns:48% auto\"><figure class=\"wp-block-media-text__media\" style=\"background-image:url(https:\/\/lemonswing.freebyte.fr\/wp-content\/uploads\/2024\/09\/the-roof-poitier-escalade.jpg);background-position:50% 50%\"><img loading=\"lazy\" decoding=\"async\" width=\"643\" height=\"413\" src=\"https:\/\/lemonswing.freebyte.fr\/wp-content\/uploads\/2024\/09\/the-roof-poitier-escalade.jpg\" alt=\"\" class=\"wp-image-523 size-full\" srcset=\"https:\/\/lemonswing.freebyte.fr\/wp-content\/uploads\/2024\/09\/the-roof-poitier-escalade.jpg 643w, https:\/\/lemonswing.freebyte.fr\/wp-content\/uploads\/2024\/09\/the-roof-poitier-escalade-300x193.jpg 300w\" sizes=\"auto, (max-width: 643px) 100vw, 643px\" \/><\/figure><div class=\"wp-block-media-text__content\">\n<h3 class=\"wp-block-heading\">The Roof<\/h3>\n\n\n\n<p class=\"has-small-font-size\">The Roof Poitiers c&rsquo;est plus de 400m\u00b2 d&rsquo;espace de grimpe pour tous les niveaux, petits et grands, grimpeurs ou non grimpeurs. D&rsquo;autres espaces comme la salle de yoga accueillent d&rsquo;autres activit\u00e9s qui ne sont pas forc\u00e9ment li\u00e9es \u00e0 l&rsquo;escalade.<\/p>\n\n\n\n<p class=\"has-small-font-size\"><strong><em>The Roof nous accueille chaque premier dimanche du mois !<\/em><\/strong><\/p>\n\n\n\n<p><a href=\"https:\/\/www.facebook.com\/theroofpoitiers\/\" data-type=\"link\" data-id=\"https:\/\/www.facebook.com\/laloco86\/?locale=fr_FR\">Page Facebook<\/a><\/p>\n<\/div><\/div>\n\n\n\n<h2 class=\"wp-block-heading\">Photographie<\/h2>\n\n\n\n<div class=\"wp-block-media-text is-stacked-on-mobile is-image-fill\" style=\"grid-template-columns:48% auto\"><figure class=\"wp-block-media-text__media\" style=\"background-image:url(https:\/\/lemonswing.freebyte.fr\/wp-content\/uploads\/2024\/09\/28f389_3e9d263b252a4992989fa68ecb41683emv2-665x1024.webp);background-position:27% 16%\"><img loading=\"lazy\" decoding=\"async\" width=\"665\" height=\"1024\" src=\"https:\/\/lemonswing.freebyte.fr\/wp-content\/uploads\/2024\/09\/28f389_3e9d263b252a4992989fa68ecb41683emv2-665x1024.webp\" alt=\"\" class=\"wp-image-418 size-full\" srcset=\"https:\/\/lemonswing.freebyte.fr\/wp-content\/uploads\/2024\/09\/28f389_3e9d263b252a4992989fa68ecb41683emv2-665x1024.webp 665w, https:\/\/lemonswing.freebyte.fr\/wp-content\/uploads\/2024\/09\/28f389_3e9d263b252a4992989fa68ecb41683emv2-195x300.webp 195w, https:\/\/lemonswing.freebyte.fr\/wp-content\/uploads\/2024\/09\/28f389_3e9d263b252a4992989fa68ecb41683emv2-768x1182.webp 768w, https:\/\/lemonswing.freebyte.fr\/wp-content\/uploads\/2024\/09\/28f389_3e9d263b252a4992989fa68ecb41683emv2-998x1536.webp 998w, https:\/\/lemonswing.freebyte.fr\/wp-content\/uploads\/2024\/09\/28f389_3e9d263b252a4992989fa68ecb41683emv2-1330x2048.webp 1330w, https:\/\/lemonswing.freebyte.fr\/wp-content\/uploads\/2024\/09\/28f389_3e9d263b252a4992989fa68ecb41683emv2-1200x1847.webp 1200w, https:\/\/lemonswing.freebyte.fr\/wp-content\/uploads\/2024\/09\/28f389_3e9d263b252a4992989fa68ecb41683emv2.webp 1442w\" sizes=\"auto, (max-width: 665px) 100vw, 665px\" \/><\/figure><div class=\"wp-block-media-text__content\">\n<h3 class=\"wp-block-heading\">La fille et l&rsquo;oiseau<\/h3>\n\n\n\n<p class=\"has-small-font-size\">Les superbes photographies r\u00e9alis\u00e9es pour pr\u00e9senter l&rsquo;\u00e9quipe p\u00e9dagogique de Lemon Swing ont \u00e9t\u00e9 r\u00e9alis\u00e9es par <em>La fille et l&rsquo;oiseau,<\/em> aussi Aline dans la vie, et transmettrice pour l&rsquo;association.<\/p>\n\n\n\n<p class=\"has-small-font-size\"><strong><em>Merci \u00e0 Aline pour ces photographies au top !<\/em><\/strong><\/p>\n\n\n\n<p><a href=\"https:\/\/www.lafilleetloiseau.fr\/\" data-type=\"link\" data-id=\"https:\/\/www.lafilleetloiseau.fr\/\">Site web<\/a> \/<a href=\"https:\/\/www.facebook.com\/lafilleetloiseau\" data-type=\"link\" data-id=\"https:\/\/www.facebook.com\/lafilleetloiseau\"> Facebook<\/a> \/ <a href=\"https:\/\/www.instagram.com\/lafilleetloiseau\/\" data-type=\"link\" data-id=\"https:\/\/www.instagram.com\/lafilleetloiseau\/\">Instagram<\/a><\/p>\n<\/div><\/div>\n\n\n\n<p><\/p>\n","protected":false},"excerpt":{"rendered":"<p>Lemon Swing s&rsquo;entoure de personnes, d&rsquo;\u00e9quipes et de lieux sp\u00e9cifiques \u00e0 Poitiers, indispensables pour mener \u00e0 bien l&rsquo;activit\u00e9 swing, entre cours, \u00e9v\u00e9nements et ressources photos. Les cours La Blaiserie Le&#8230;<\/p>\n","protected":false},"author":2,"featured_media":411,"parent":0,"menu_order":0,"comment_status":"closed","ping_status":"closed","template":"","meta":{"_uag_custom_page_level_css":"","_EventAllDay":false,"_EventTimezone":"","_EventStartDate":"","_EventEndDate":"","_EventStartDateUTC":"","_EventEndDateUTC":"","_EventShowMap":false,"_EventShowMapLink":false,"_EventURL":"","_EventCost":"","_EventCostDescription":"","_EventCurrencySymbol":"","_EventCurrencyCode":"","_EventCurrencyPosition":"","_EventDateTimeSeparator":"","_EventTimeRangeSeparator":"","_EventOrganizerID":[],"_EventVenueID":[],"_OrganizerEmail":"","_OrganizerPhone":"","_OrganizerWebsite":"","_VenueAddress":"","_VenueCity":"","_VenueCountry":"","_VenueProvince":"","_VenueState":"","_VenueZip":"","_VenuePhone":"","_VenueURL":"","_VenueStateProvince":"","_VenueLat":"","_VenueLng":"","_VenueShowMap":false,"_VenueShowMapLink":false,"_kad_post_transparent":"","_kad_post_title":"","_kad_post_layout":"","_kad_post_sidebar_id":"","_kad_post_content_style":"","_kad_post_vertical_padding":"","_kad_post_feature":"","_kad_post_feature_position":"","_kad_post_header":false,"_kad_post_footer":false,"_starter_page_template":"","_wpcom_template_layout_category":[],"footnotes":""},"class_list":["post-406","page","type-page","status-publish","has-post-thumbnail","hentry"],"uagb_featured_image_src":{"full":["https:\/\/lemonswing.freebyte.fr\/wp-content\/uploads\/2024\/09\/lflo-lemon-swing-transmetteurs-82.jpg",1280,804,false],"thumbnail":["https:\/\/lemonswing.freebyte.fr\/wp-content\/uploads\/2024\/09\/lflo-lemon-swing-transmetteurs-82-150x150.jpg",150,150,true],"medium":["https:\/\/lemonswing.freebyte.fr\/wp-content\/uploads\/2024\/09\/lflo-lemon-swing-transmetteurs-82-300x188.jpg",300,188,true],"medium_large":["https:\/\/lemonswing.freebyte.fr\/wp-content\/uploads\/2024\/09\/lflo-lemon-swing-transmetteurs-82-768x482.jpg",768,482,true],"large":["https:\/\/lemonswing.freebyte.fr\/wp-content\/uploads\/2024\/09\/lflo-lemon-swing-transmetteurs-82-1024x643.jpg",1024,643,true],"1536x1536":["https:\/\/lemonswing.freebyte.fr\/wp-content\/uploads\/2024\/09\/lflo-lemon-swing-transmetteurs-82.jpg",1280,804,false],"2048x2048":["https:\/\/lemonswing.freebyte.fr\/wp-content\/uploads\/2024\/09\/lflo-lemon-swing-transmetteurs-82.jpg",1280,804,false],"newspack-article-block-landscape-large":["https:\/\/lemonswing.freebyte.fr\/wp-content\/uploads\/2024\/09\/lflo-lemon-swing-transmetteurs-82-1200x804.jpg",1200,804,true],"newspack-article-block-portrait-large":["https:\/\/lemonswing.freebyte.fr\/wp-content\/uploads\/2024\/09\/lflo-lemon-swing-transmetteurs-82-900x804.jpg",900,804,true],"newspack-article-block-square-large":["https:\/\/lemonswing.freebyte.fr\/wp-content\/uploads\/2024\/09\/lflo-lemon-swing-transmetteurs-82-1200x804.jpg",1200,804,true],"newspack-article-block-landscape-medium":["https:\/\/lemonswing.freebyte.fr\/wp-content\/uploads\/2024\/09\/lflo-lemon-swing-transmetteurs-82-800x600.jpg",800,600,true],"newspack-article-block-portrait-medium":["https:\/\/lemonswing.freebyte.fr\/wp-content\/uploads\/2024\/09\/lflo-lemon-swing-transmetteurs-82-600x800.jpg",600,800,true],"newspack-article-block-square-medium":["https:\/\/lemonswing.freebyte.fr\/wp-content\/uploads\/2024\/09\/lflo-lemon-swing-transmetteurs-82-800x800.jpg",800,800,true],"newspack-article-block-landscape-intermediate":["https:\/\/lemonswing.freebyte.fr\/wp-content\/uploads\/2024\/09\/lflo-lemon-swing-transmetteurs-82-600x450.jpg",600,450,true],"newspack-article-block-portrait-intermediate":["https:\/\/lemonswing.freebyte.fr\/wp-content\/uploads\/2024\/09\/lflo-lemon-swing-transmetteurs-82-450x600.jpg",450,600,true],"newspack-article-block-square-intermediate":["https:\/\/lemonswing.freebyte.fr\/wp-content\/uploads\/2024\/09\/lflo-lemon-swing-transmetteurs-82-600x600.jpg",600,600,true],"newspack-article-block-landscape-small":["https:\/\/lemonswing.freebyte.fr\/wp-content\/uploads\/2024\/09\/lflo-lemon-swing-transmetteurs-82-400x300.jpg",400,300,true],"newspack-article-block-portrait-small":["https:\/\/lemonswing.freebyte.fr\/wp-content\/uploads\/2024\/09\/lflo-lemon-swing-transmetteurs-82-300x400.jpg",300,400,true],"newspack-article-block-square-small":["https:\/\/lemonswing.freebyte.fr\/wp-content\/uploads\/2024\/09\/lflo-lemon-swing-transmetteurs-82-400x400.jpg",400,400,true],"newspack-article-block-landscape-tiny":["https:\/\/lemonswing.freebyte.fr\/wp-content\/uploads\/2024\/09\/lflo-lemon-swing-transmetteurs-82-200x150.jpg",200,150,true],"newspack-article-block-portrait-tiny":["https:\/\/lemonswing.freebyte.fr\/wp-content\/uploads\/2024\/09\/lflo-lemon-swing-transmetteurs-82-150x200.jpg",150,200,true],"newspack-article-block-square-tiny":["https:\/\/lemonswing.freebyte.fr\/wp-content\/uploads\/2024\/09\/lflo-lemon-swing-transmetteurs-82-200x200.jpg",200,200,true],"newspack-article-block-uncropped":["https:\/\/lemonswing.freebyte.fr\/wp-content\/uploads\/2024\/09\/lflo-lemon-swing-transmetteurs-82-1200x754.jpg",1200,754,true]},"uagb_author_info":{"display_name":"lelaumic","author_link":"https:\/\/lemonswing.freebyte.fr\/?author=2"},"uagb_comment_info":0,"uagb_excerpt":"Lemon Swing s&rsquo;entoure de personnes, d&rsquo;\u00e9quipes et de lieux sp\u00e9cifiques \u00e0 Poitiers, indispensables pour mener \u00e0 bien l&rsquo;activit\u00e9 swing, entre cours, \u00e9v\u00e9nements et ressources photos. Les cours La Blaiserie Le...","_links":{"self":[{"href":"https:\/\/lemonswing.freebyte.fr\/index.php?rest_route=\/wp\/v2\/pages\/406","targetHints":{"allow":["GET"]}}],"collection":[{"href":"https:\/\/lemonswing.freebyte.fr\/index.php?rest_route=\/wp\/v2\/pages"}],"about":[{"href":"https:\/\/lemonswing.freebyte.fr\/index.php?rest_route=\/wp\/v2\/types\/page"}],"author":[{"embeddable":true,"href":"https:\/\/lemonswing.freebyte.fr\/index.php?rest_route=\/wp\/v2\/users\/2"}],"replies":[{"embeddable":true,"href":"https:\/\/lemonswing.freebyte.fr\/index.php?rest_route=%2Fwp%2Fv2%2Fcomments&post=406"}],"version-history":[{"count":7,"href":"https:\/\/lemonswing.freebyte.fr\/index.php?rest_route=\/wp\/v2\/pages\/406\/revisions"}],"predecessor-version":[{"id":524,"href":"https:\/\/lemonswing.freebyte.fr\/index.php?rest_route=\/wp\/v2\/pages\/406\/revisions\/524"}],"wp:featuredmedia":[{"embeddable":true,"href":"https:\/\/lemonswing.freebyte.fr\/index.php?rest_route=\/wp\/v2\/media\/411"}],"wp:attachment":[{"href":"https:\/\/lemonswing.freebyte.fr\/index.php?rest_route=%2Fwp%2Fv2%2Fmedia&parent=406"}],"curies":[{"name":"wp","href":"https:\/\/api.w.org\/{rel}","templated":true}]}}